{"version":"1.0","provider_name":"Edilfibro S.p.a.","provider_url":"https:\/\/www.edilfibro.it\/fr\/","author_name":"Noon","author_url":"https:\/\/www.edilfibro.it\/fr\/author\/noon\/","title":"FIERAGRICOLA 2020 \u2013 V\u00e9rone - Edilfibro S.p.a.","type":"rich","width":600,"height":338,"html":"<blockquote class=\"wp-embedded-content\" data-secret=\"zE8TFx8ubj\"><a href=\"https:\/\/www.edilfibro.it\/fr\/fieragricola-2020-verone\/\">FIERAGRICOLA 2020 \u2013 V\u00e9rone<\/a><\/blockquote><iframe sandbox=\"allow-scripts\" security=\"restricted\" src=\"https:\/\/www.edilfibro.it\/fr\/fieragricola-2020-verone\/embed\/#?secret=zE8TFx8ubj\" width=\"600\" height=\"338\" title=\"\u00ab\u00a0FIERAGRICOLA 2020 \u2013 V\u00e9rone\u00a0\u00bb &#8212; Edilfibro S.p.a.\" data-secret=\"zE8TFx8ubj\" frameborder=\"0\" marginwidth=\"0\" marginheight=\"0\" scrolling=\"no\" class=\"wp-embedded-content\"><\/iframe><script>\n\/*! This file is auto-generated *\/\n!function(d,l){\"use strict\";l.querySelector&&d.addEventListener&&\"undefined\"!=typeof URL&&(d.wp=d.wp||{},d.wp.receiveEmbedMessage||(d.wp.receiveEmbedMessage=function(e){var t=e.data;if((t||t.secret||t.message||t.value)&&!\/[^a-zA-Z0-9]\/.test(t.secret)){for(var s,r,n,a=l.querySelectorAll('iframe[data-secret=\"'+t.secret+'\"]'),o=l.querySelectorAll('blockquote[data-secret=\"'+t.secret+'\"]'),c=new RegExp(\"^https?:$\",\"i\"),i=0;i<o.length;i++)o[i].style.display=\"none\";for(i=0;i<a.length;i++)s=a[i],e.source===s.contentWindow&&(s.removeAttribute(\"style\"),\"height\"===t.message?(1e3<(r=parseInt(t.value,10))?r=1e3:~~r<200&&(r=200),s.height=r):\"link\"===t.message&&(r=new URL(s.getAttribute(\"src\")),n=new URL(t.value),c.test(n.protocol))&&n.host===r.host&&l.activeElement===s&&(d.top.location.href=t.value))}},d.addEventListener(\"message\",d.wp.receiveEmbedMessage,!1),l.addEventListener(\"DOMContentLoaded\",function(){for(var e,t,s=l.querySelectorAll(\"iframe.wp-embedded-content\"),r=0;r<s.length;r++)(t=(e=s[r]).getAttribute(\"data-secret\"))||(t=Math.random().toString(36).substring(2,12),e.src+=\"#?secret=\"+t,e.setAttribute(\"data-secret\",t)),e.contentWindow.postMessage({message:\"ready\",secret:t},\"*\")},!1)))}(window,document);\n\/\/# sourceURL=https:\/\/www.edilfibro.it\/wp-includes\/js\/wp-embed.min.js\n<\/script>\n","thumbnail_url":"https:\/\/www.edilfibro.it\/wp-content\/uploads\/2024\/03\/FIERAGRICOLA.webp","thumbnail_width":600,"thumbnail_height":396,"description":"EDILFIBRO SPA participera au salon agricole international FIERAGRICOLA 2020 qui se tiendra \u00e0 V\u00e9rone du 29 janvier au 1er f\u00e9vrier 2020. Nous nous r\u00e9jouissons de vous voir sur notre stand n. B4 \u2013 Pavillon 9."}

FIERAGRICOLA 2020 – Vérone - Edilfibro S.p.a.

<blockquote class="wp-embedded-content" data-secret="zE8TFx8ubj"><a href="https://www.edilfibro.it/fr/fieragricola-2020-verone/">FIERAGRICOLA 2020 – Vérone</a></blockquote><iframe sandbox="allow-scripts" security="restricted" src="https://www.edilfibro.it/fr/fieragricola-2020-verone/embed/#?secret=zE8TFx8ubj" width="600" height="338" title="« FIERAGRICOLA 2020 – Vérone » &#8212; Edilfibro S.p.a." data-secret="zE8TFx8ubj" frameborder="0" marginwidth="0" marginheight="0" scrolling="no" class="wp-embedded-content"></iframe><script>
/*! This file is auto-generated */
!function(d,l){"use strict";l.querySelector&&d.addEventListener&&"undefined"!=typeof URL&&(d.wp=d.wp||{},d.wp.receiveEmbedMessage||(d.wp.receiveEmbedMessage=function(e){var t=e.data;if((t||t.secret||t.message||t.value)&&!/[^a-zA-Z0-9]/.test(t.secret)){for(var s,r,n,a=l.querySelectorAll('iframe[data-secret="'+t.secret+'"]'),o=l.querySelectorAll('blockquote[data-secret="'+t.secret+'"]'),c=new RegExp("^https?:$","i"),i=0;i<o.length;i++)o[i].style.display="none";for(i=0;i<a.length;i++)s=a[i],e.source===s.contentWindow&&(s.removeAttribute("style"),"height"===t.message?(1e3<(r=parseInt(t.value,10))?r=1e3:~~r<200&&(r=200),s.height=r):"link"===t.message&&(r=new URL(s.getAttribute("src")),n=new URL(t.value),c.test(n.protocol))&&n.host===r.host&&l.activeElement===s&&(d.top.location.href=t.value))}},d.addEventListener("message",d.wp.receiveEmbedMessage,!1),l.addEventListener("DOMContentLoaded",function(){for(var e,t,s=l.querySelectorAll("iframe.wp-embedded-content"),r=0;r<s.length;r++)(t=(e=s[r]).getAttribute("data-secret"))||(t=Math.random().toString(36).substring(2,12),e.src+="#?secret="+t,e.setAttribute("data-secret",t)),e.contentWindow.postMessage({message:"ready",secret:t},"*")},!1)))}(window,document);
//# sourceURL=https://www.edilfibro.it/wp-includes/js/wp-embed.min.js
</script>

EDILFIBRO SPA participera au salon agricole international FIERAGRICOLA 2020 qui se tiendra à Vérone du 29 janvier au 1er février 2020. Nous nous réjouissons de vous voir sur notre stand n. B4 – Pavillon 9.
